9. Calculate the remainder when m(10) is divided by (-1)/((-3)/9) - x.
22
Suppose 9*p - 5*p = 416. Suppose -118*t + 120*t - p = 0. What is the remainder when 169 is divided by t?
13
Suppose -4 = 4*x - 12. Suppose 46 = x*g - 148. Calculate the remainder when g is divided by 49.
48
Let g(t) = t**3 - 8*t**2 + 11*t - 22. Calculate the remainder when 808 is divided by g(7).
4
Calculate the remainder when 3593 is divided by (28/63)/(18/2916).
65
Calculate the remainder when 800 is divided by -6 - -39 - (-6 + 2 + 8).
17
Suppose r - 230 = -2*m + 938, 1162 = r + m. Calculate the remainder when r is divided by 89.
88
Suppose 15 = -15*h + 14*h. What is the remainder when 26 is divided by (-5 - 63/(-15))*h?
2
Let m be ((-128)/(-5))/((-33)/30 - -1). Let p = -173 - m. Let s = 20 - 8. Calculate the remainder when p is divided by s.
11
Suppose 0 = -45*b + 4437 + 18. Let s = b + -85. What is the remainder when 138 is divided by s?
12
Let w = 506 - 349. Calculate the remainder when 307 is divided by w.
150
Let q be (1 + -2)/((-1)/(-5)) + 4. What is the remainder when (200 - q)/(2/(-4) - -2) is divided by 23?
19
Let y(w) = -w**3 - w + 286. Suppose -283 = -2*t - 293, 0 = 3*k - 4*t - 116. Calculate the remainder when y(0) is divided by k.
30
Suppose 3*x + 2*x + 20 = 0. Let q(t) = -18*t - 4*t + 517 - 529. What is the remainder when q(x) is divided by 26?
24
Let w be (12/4 - -658)*1. Suppose -5*x + w = 186. Let f = -77 + x. Calculate the remainder when 88 is divided by f.
16
Let m(q) = 38*q + 2244. Let s(t) = -29*t**2 - 2*t + 1. Let f be s(-3). Let o = f - -452. Calculate the remainder when o is divided by m(-58).
38
Suppose -s + 34 = 32. Suppose 4*x - 42 = s*v, -3*x + 3*v = 2*v - 33. Calculate the remainder when 20 is divided by x.
8
Let r = 107 - 97. Let l(o) = -136*o**3 + o**2. Let y be l(-1). Suppose r*d = 213 + y. Calculate the remainder when d is divided by 12.
11
Let f(z) = -3*z**3 + 20*z**2 + 15*z - 74. What is the remainder when f(6) is divided by 48?
40
Let m = -60 + 83. Suppose -29*y + m*y = -72. Calculate the remainder when y is divided by 3.
0
Suppose 528 = 11*o - 572. Calculate the remainder when 172 is divided by o.
72
Let b = -5791 + 5807. What is the remainder when 7838 is divided by b?
14
Calculate the remainder when 354 is divided by (-1 - (-2 + 2))*-3 + 14.
14
Suppose -y - 300 = -127*h + 122*h, 4*h = 4*y + 224. Let b(i) = -i**2 - 4*i + 1. Calculate the remainder when h is divided by b(-3).
1
Let x(y) = -y**3 + 2*y + 1. Suppose 5*o = -b + 53, -12 = 104*o - 100*o. Calculate the remainder when b is divided by x(-2).
3
Suppose -3 - 25 = 4*a. Let u(y) = y**3 + 7*y**2 - y + 9. Let b(i) = -i**3 + 16*i**2 - i + 22. Calculate the remainder when u(a) is divided by b(16).
4
Suppose 3*m - 3*v = -m + 580, 2*m = -3*v + 290. Suppose 33*o - 742 = 875. What is the remainder when m is divided by o?
47
What is the remainder when 90 is divided by ((-20)/(-24))/((32/(-15) - -2)/(-4))?
15
Suppose -93 = -i - 25. Calculate the remainder when 350 is divided by i.
10
Suppose 656 = 329*k - 321*k. Calculate the remainder when k is divided by 49.
33
Suppose 0 = 3*g + 22 - 79. Let m(r) = r**3 - 13*r**2 + 42*r + 48. Calculate the remainder when m(4) is divided by g.
15
Let p = 61 - 41. What is the remainder when p is divided by 2/(20/55) + 1/2?
2
Let i(f) be the second derivative of 7*f**4/12 + f**3/3 + f**2 - 17*f. What is the remainder when i(-3) is divided by 8/(-10) - (-832)/40?
19
Let l = -38 + 76. Let o = l + -19. Let t(q) = q**3 - 14*q**2 + 25*q - 7. Calculate the remainder when o is divided by t(12).
4
Let j(v) = -v**2 + 10*v + 97. Let o be j(15). Suppose o = 20*b + 2*b. Calculate the remainder when 1 is divided by b.
0
Suppose 4078*i + 2934 = 4096*i. What is the remainder when 1788 is divided by i?
158
Let o = -525 + 596. Suppose 0 = o*v - 66*v - 20. Suppose i + 64 = 5*i. Calculate the remainder when i is divided by v.
0
Suppose 9*u - 6*u = -5*a + 32, 2*u = -3*a + 21. Let d(g) = 9*g - 74. Suppose -39 = 5*h - 169. Calculate the remainder when h is divided by d(u).
5
Suppose -53*y + 52*y = 3*r - 1542, -y + 1548 = r. Calculate the remainder when y is divided by 112.
95
Let m = -479 - -661. Suppose -2*z - 112 = -2*w + 2*z, 0 = 5*w + 2*z - 220. What is the remainder when m is divided by w?
44
Suppose -6*p + 60 = -2*p. Let r(s) = 19 - p - 17*s + 18. Calculate the remainder when r(-5) is divided by 27.
26
Let q(t) = 29*t + 155. What is the remainder when q(48) is divided by 141?
137
Suppose -4*c - 2*s - 30 = -100, 0 = -c + 4*s + 4. Let m(h) = h**2 - 30. What is the remainder when m(c) is divided by 38?
36
Let a be -3*(-4)/9*3. Suppose 2*m + 2 = 2*c, 4*m - a*c = -9*c + 5. Suppose m = -9*n + 7*n + 8. Calculate the remainder when 17 is divided by n.
1
Suppose 2*b = -3*q - 329 + 1233, 3*b = 5*q + 1394. Calculate the remainder when b is divided by 70.
38
Suppose 0 = -11*a + 6*a + 50. Let r(m) = 3*m + 12 - a*m**2 - 14 - 2*m**3 - m**3 + m**2. What is the remainder when 167 is divided by r(-4)?
31
Suppose -44*r + 303 + 181 = 0. What is the remainder when 72 is divided by r?
6
Suppose 4718 = 4*j + 3*j. Let f(o) = -8*o - 205. Calculate the remainder when j is divided by f(-29).
26
Let c = -1252 - -1306. Calculate the remainder when c is divided by 11.
10
Suppose 17871 = 160*a - 137*a. Calculate the remainder when a is divided by 156.
153
Let s(b) = -b**3 - 21*b**2 + 7*b - 167. What is the remainder when s(-23) is divided by 148?
138
Suppose 37 = 35*v - 68. Suppose -v*y + 6*n + 368 = 7*n, 2*n = 5*y - 617. Calculate the remainder when y is divided by 36.
15
Suppose 18*o = 19*o - 54. What is the remainder when 27 is divided by o/(-459) + (-242)/(-34)?
6
Suppose -4*z = 16, 2*w = -3*w + 4*z + 151. Calculate the remainder when 4/(-30) - (-5554)/30 is divided by w.
23
Let x(s) = -s**3 + 27*s**2 + 30*s - 53. Let h be x(28). Suppose 5*j + 379 = 2*w, 4*w - 3*w = -h*j + 206. Calculate the remainder when w is divided by 6.
5
Let a = 51 + -30. Let l = 470651 + -470553. Calculate the remainder when l is divided by a.
14
Calculate the remainder when ((-2)/((-22)/(-5115)))/(-3) is divided by 43.
26
Let h(t) = t**2 - 6*t + 4. Suppose -129*o + 279 = -127*o + x, -5*o + 699 = 3*x. Calculate the remainder when o is divided by h(8).
18
Let v = 142 + -138. What is the remainder when 27 is divided by 8/v - (-1 + 2 - 4)?
2
Let g = 17 - 10. Suppose -10*h + 344 = 94. What is the remainder when h + -15 + (-2 + 4 - 0) is divided by g?
5
Let j(a) = -3*a**3 - 7*a**2 + 10*a + 7. Let q be j(-4). Suppose 22 = -s + q. What is the remainder when s is divided by (-1 + (-55)/15)*-3?
11
Let g = 12324 + 2478. Calculate the remainder when g is divided by 45.
42
Suppose -4*n + n - s + 136 = 0, -5*s - 148 = -3*n. Let u(w) = w**2 - 10*w + 5. Calculate the remainder when n is divided by u(11).
14
Let g(k) = -44*k - 718. Calculate the remainder when g(-17) is divided by (-17)/(2/(-3 - -1)).
13
Let w = -115 - -99. Let n(x) = x**2 + 12*x - 1. Calculate the remainder when n(w) is divided by 28.
7
Suppose -2*x + 75 = 61. Suppose -31 = -5*m + 2*u, 3*m + 3*u + 29 = x*m. What is the remainder when 10/m*-1 + 21 is divided by 11?
8
Suppose -1143 = -49*r + 131. What is the remainder when 1261 is divided by r?
13
Suppose -20*a + 74 + 6 = 0. Suppose -4*c - 20 = -a*g, c = 4*g + 2*c - 35. Calculate the remainder when 13 is divided by g.
5
Suppose -31*s = -28*s. Let r(l) = l**3 - 6*l**2 + 55. Calculate the remainder when 211 is divided by r(s).
46
Calculate the remainder when (1005/(-105) - -10) + (-599)/(-7) is divided by 12.
2
What is the remainder when 476 + 102 + -14 + 1 is divided by 272?
21
Calculate the remainder when 11434 is divided by 4/46 - (-1427619)/10741.
129
Let p(y) = -22*y**3 - 61*y - 62. What is the remainder when 81 is divided by p(-1)?
18
Suppose 42*r - 23*r - 4617 = 0. Suppose 0 = 249*w - r*w - 222. What is the remainder when 69 is divided by w?
32
Let a(f) = -f**3 - 12*f**2 - 5*f - 56. Suppose 5*b - 4*b + 6 = 0. Let z(l) = -3*l + 3. Calculate the remainder when z(b) is divided by a(-12).
1
Suppose 6*i + v = 9*i - 2723, 2*v = -4*i + 3634. What is the remainder when i is divided by 27?
17
What is the remainder when (10/(-3))/(2/(-45))*(-3215)/(-1929) is divided by 9?
8
Suppose n + 2*t = -3*t + 89, -4*n + t = -335. Let z